 prime number?
True
Is 477671 composite?
False
Is 81698807 a composite number?
False
Is 87934019 a composite number?
False
Is 18607681 a prime number?
False
Is 583590253 a composite number?
False
Is 816603 prime?
False
Is 40884781 composite?
True
Is 806669 composite?
True
Is 14919977 a composite number?
True
Is 7410322 prime?
False
Is 39962893 composite?
False
Is 312963133 composite?
True
Is 144102649 a composite number?
False
Is 43574459 a composite number?
True
Is 60803341 a prime number?
True
Is 2148437 a prime number?
True
Is 181001531 a prime number?
True
Is 127155059 a composite number?
False
Is 7288427 prime?
False
Is 7080041 a composite number?
True
Is 78326839 composite?
False
Is 15751549 prime?
False
Is 245221 a prime number?
False
Is 2391799 composite?
False
Is 4760269 a composite number?
False
Is 1905899 a prime number?
True
Is 190872677 a composite number?
True
Is 62393341 prime?
False
Is 8715059 a prime number?
True
Is 90685741 composite?
False
Is 4671647 a composite number?
False
Is 12468049 composite?
True
Is 14959661 a composite number?
False
Is 133844023 composite?
True
Is 296411797 composite?
True
Is 10664051 composite?
False
Is 37129601 a prime number?
True
Is 53415599 prime?
False
Is 528779461 composite?
True
Is 80926441 composite?
True
Is 21446101 a prime number?
True
Is 273233 composite?
False
Is 10078309 composite?
False
Is 53018321 prime?
True
Is 26803891 prime?
True
Is 9335411 prime?
True
Is 102501757 a prime number?
True
Is 90472597 a prime number?
True
Is 478169891 a composite number?
True
Is 2294077 a prime number?
True
Is 284723 a prime number?
True
Is 3746201 prime?
True
Is 9320873 a prime number?
True
Is 78776429 a composite number?
False
Is 15299363 a composite number?
False
Is 23365 composite?
True
Is 427751 prime?
True
Is 35709199 composite?
True
Is 64372229 prime?
False
Is 650389 composite?
True
Is 7275991 prime?
False
Is 204671 composite?
True
Is 26772181 a prime number?
False
Is 12479473 a composite number?
False
Is 1121173 a composite number?
False
Is 83974663 a prime number?
False
Is 13390639 a composite number?
True
Is 507953 a composite number?
False
Is 9326347 composite?
True
Is 12929857 a composite number?
False
Is 64615597 a prime number?
True
Is 157772033 a prime number?
False
Is 23392571 prime?
True
Is 375229 a prime number?
False
Is 36772781 prime?
False
Is 10822061 a composite number?
False
Is 162389 a prime number?
True
Is 401475227 composite?
True
Is 114014263 prime?
False
Is 3140537 prime?
False
Is 1309343 a composite number?
True
Is 28949381 a composite number?
True
Is 62103835 composite?
True
Is 7207906 a prime number?
False
Is 21083883 a prime number?
False
Is 184059959 a prime number?
True
Is 42761473 a prime number?
True
Is 27119353 composite?
False
Is 66475337 a composite number?
True
Is 18310961 prime?
True
Is 3386527 a prime number?
True
Is 20416661 composite?
False
Is 85303891 a prime number?
True
Is 3540149 composite?
False
Is 769959607 prime?
True
Is 25180157 composite?
True
Is 26879546 a prime number?
False
Is 290061509 a composite number?
True
Is 943845673 a composite number?
True
Is 386732663 a composite number?
False
Is 158861041 composite?
True
Is 95114587 a composite number?
False
Is 14384127 a prime number?
False
Is 17191745 prime?
False
Is 474581 composite?
False
Is 11654533 prime?
False
Is 5296061 composite?
True
Is 667915307 prime?
False
Is 52336853 a composite number?
False
Is 53703669 a prime number?
False
Is 7494299 a composite number?
True
Is 24634255 a prime number?
False
Is 39551 prime?
True
Is 39742487 a composite number?
True
Is 42633861 a prime number?
False
Is 112121981 a composite number?
False
Is 8592587 a prime number?
False
Is 41596021 prime?
True
Is 4623191 a prime number?
True
Is 220377305 a prime number?
False
Is 1028957 composite?
False
Is 7427663 composite?
False
Is 764747 a composite number?
True
Is 2417483 prime?
False
Is 255410251 prime?
True
Is 126597467 composite?
False
Is 4418783 prime?
False
Is 441291 composite?
True
Is 2732833 composite?
True
Is 199357 a composite number?
False
Is 68834107 a composite number?
False
Is 2031973 prime?
False
Is 62237503 composite?
True
Is 833032477 a prime number?
False
Is 43897583 composite?
True
Is 288337763 composite?
True
Is 62372393 prime?
True
Is 5755691 a composite number?
False
Is 476167757 prime?
False
Is 357858691 prime?
True
Is 4481003 a prime number?
True
Is 2467237 a prime number?
False
Is 60295009 a prime number?
True
Is 89155571 a composite number?
False
Is 323131267 a prime number?
True
Is 175129 a prime number?
True
Is 2747917 a prime number?
False
Is 1173719 prime?
False
Is 1051969 prime?
False
Is 6713023 composite?
True
Is 69378541 a composite number?
True
Is 43652981 a prime number?
True
Is 1248922417 composite?
False
Is 10144129 a prime number?
False
Is 671011 a prime number?
False
Is 1407461 prime?
False
Is 244529 prime?
True
Is 117692753 prime?
True
Is 133292483 composite?
False
Is 3624682 a prime number?
False
Is 22676813 a composite number?
True
Is 31813 prime?
False
Is 3414379 composite?
False
Is 41839403 a composite number?
False
Is 80562659 a composite number?
False
Is 1946491 composite?
True
Is 189587 composite?
True
Is 166934407 prime?
False
Is 7462957 prime?
True
Is 4898429 a prime number?
True
Is 11455591 prime?
False
Is 427463 a prime number?
False
Is 80222111 prime?
True
Is 90152133 a composite number?
True
Is 27163789 a composite number?
False
Is 28495351 prime?
True
Is 104332039 a composite number?
True
Is 455909365 a composite number?
True
Is 82347931 a prime number?
False
Is 96569 a prime number?
False
Is 275743 a prime number?
False
Is 5196181 composite?
False
Is 40390109 prime?
True
Is 19555249 composite?
True
Is 214443961 prime?
False
Is 12985717 a composite number?
False
Is 285251 a prime number?
True
Is 3537505 a prime number?
False
Is 543419167 prime?
False
Is 1411636969 a prime number?
True
Is 199128121 composite?
True
Is 68401559 a prime number?
True
Is 3531919 composite?
True
Is 71907863 a prime number?
True
Is 102358631 a prime number?
True
Is 4728343 a composite number?
False
Is 41265317 a composite number?
False
Is 4540891 prime?
False
Is 44097137 prime?
False
Is 12310001 a prime number?
False
Is 2428991 composite?
False
Is 341219 prime?
True
Is 1181784083 prime?
True
Is 10452801 a composite number?
True
Is 44251751 prime?
False
Is 761029 a composite number?
True
Is 678673 a composite number?
True
Is 238309 a composite number?
True
Is 840337 composite?
True
Is 84424451 prime?
True
Is 4066301 composite?
True
Is 56488457 a composite number?
True
Is 869731 composite?
True
Is 335999 a prime number?
True
Is 1533283 composite?
False
Is 14399801 prime?
False
Is 168988319 a composite number?
True
Is 4391663 a prime number?
False
Is 523883879 a composite number?
False
Is 3129076289 a composite number?
False
Is 2775841 a prime number?
True
Is 61669883 prime?
False
Is 353615641 a composite number?
False
Is 4071589 a composite number?
False
Is 2236807 a prime number?
True
Is 275657 a prime number?
True
Is 28817539 composite?
True
Is 22542727 prime?
True
Is 30837297 a composite number?
True
Is 9298829 a composite number?
False
Is 29939891 composite?
False
Is 384352622 prime?
False
Is 319157 a composite number?
True
Is 225105089 a prime number?
False
Is 52005803 prime?
False
Is 61751 a composite number?
False
Is 43462817 prime?
True
Is 48865249 composite?
True
Is 81951059 composite?
True
Is 4690709 composite?
False
Is 11034013 prime?
True
Is 378529 prime?
False
Is 8393989 a prime number?
False
Is 412513 prime?
False
Is 7224727 prime?
False
Is 1089569 a composite number?
True
Is 54444547 a composite number?
False
Is 1061179 a prime number?
False
Is 58116577 a composite number?
False
Is 5667911 prime?
True
Is 129502897 prime?
False
Is 444721 a composite number?
True
Is 20412557 prime?
False
Is 2426663 a prime number?
False
Is 946512187 a prime number?
True
Is 5016013 a composite number?
False
Is 701669 prime?
True
Is 6813979 a prime number?
False
Is 7101709 composite?
False
Is 1411037 a prime number?
True
Is 211693439 a composite number?
False
Is 6020743 a composite number?
True
Is 891969547 a composite number?
True
Is 13337845 composite?
True
Is 42432133 a composite number?
T